 -w + f*v - 7 = -25. What is the units digit of w?
8
Let l be ((-3)/(-1))/((-1)/6). Let k = l - -23. What is the units digit of k?
5
Suppose 3*o + 4 = -5*d, 5 = 5*d - 3*o - 9. What is the units digit of d?
1
Let h be -5*6*(-8)/60. Suppose 61 + 111 = h*k. What is the units digit of k?
3
Let n be -3*(-1 + 5/3). Let q be (-5 + (2 - 3))/n. Suppose 3*f + f = -i + 11, 0 = -q*f - 5*i + 4. What is the units digit of f?
3
Suppose -3*h + 285 = 4*p - 56, -3*p + 6 = 0. What is the tens digit of h?
1
Suppose -2*v - v + 12 = 0, -v = 2*z + 14. Let u = z - -21. What is the units digit of u?
2
Let g = 343 + -226. What is the hundreds digit of g?
1
Let m be (-7)/(3 - -1 - 3). Let y(g) = -g + 10. What is the tens digit of y(m)?
1
Let t(m) = 2*m**2 - 41*m - 31. What is the tens digit of t(22)?
3
Let b = 356 + -180. What is the tens digit of b?
7
Suppose -11*v - 1140 = -17*v. What is the units digit of v?
0
Suppose 3*a = 4*a - 89. Suppose -5*i + 14 = a. Let v = i - -23. What is the units digit of v?
8
Suppose -4*m + 0*c - c = -11, 2*m = 4*c + 10. What is the units digit of 2/1*33/m?
2
Let c be (0 - 1) + 14 + -1. Suppose 2*p - 6 = c. What is the units digit of p?
9
Suppose 0 = 5*k + 5*r - 105, 0 = 2*k - r - 29 - 7. What is the tens digit of k?
1
What is the units digit of (1 + -9)/(7/(-35))?
0
Let s(x) = 0*x**2 + 0*x**2 - 2 - 2*x + x**2. What is the units digit of s(-3)?
3
Let x(s) = -s**3 + 7*s**2 - 7*s + 3. Let j be x(6). What is the tens digit of (j + 17 - 0) + -2?
1
Let f(b) = -30*b - 4. What is the units digit of f(-2)?
6
Let k = 26 - 9. Suppose -5*m + k = 7. What is the units digit of m?
2
Let f be (-6)/(-4)*(6 - 4). Suppose -5*i + 38 = -3*z, -f*i + 4*z = -4*i + 3. What is the units digit of i?
7
Let p(j) = -26*j**3 + 2*j**2 + 4*j + 4. What is the tens digit of p(-2)?
1
Let k = 6 - 3. Suppose -k*u + 45 = -12. Suppose 0 = -2*q + u + 3. What is the tens digit of q?
1
Suppose -7*h = -2*h. Suppose h = 2*u - 38 - 18. What is the tens digit of u?
2
Let f be 8*((2 - 2) + 2). Let c = -4 + f. What is the units digit of c?
2
Let o(g) = -g - 3. Let m be o(-8). Suppose 5*c - 61 = -5*k + 3*c, -m*c = 10. What is the units digit of k?
3
Let g(r) = 2*r + 7. Let d be g(-4). What is the tens digit of ((-4)/(-12))/(d/(-33))?
1
Suppose -2*l + 12 = -0*l + 2*w, -2 = l - w. What is the units digit of l?
2
What is the units digit of (1 - 2)*(-16 + 3)?
3
Let f(g) be the second derivative of -g**5/20 + 5*g**4/12 + g**3/6 + 7*g**2/2 - 2*g. What is the units digit of f(5)?
2
Let d(r) = -r**3 - r**2 - 3*r - 6. What is the units digit of d(-4)?
4
Suppose 5*a = 2*r - 3, 3 = -4*a - 1. Let q(h) = 0*h**2 + 3 - 9*h**3 - 2 + h**2 + 2*h. What is the units digit of q(r)?
9
Let i(w) = -w + 4. Suppose 61 = 4*p - 35. Suppose -5*d = -0*d - 3*r + 30, 0 = -4*d + 2*r - p. What is the units digit of i(d)?
0
Suppose 6*a - 21 = 3*a. Let h(i) = 2*i - 3. Let p be h(a). Suppose p*m - 6*m = 70. What is the tens digit of m?
1
Let w = -72 - -104. What is the units digit of w?
2
Let k = -14 - -21. Let n be 2/k - (-19)/7. Suppose -2*l = 2*b - 13 - 11, 0 = 2*b + n*l - 26. What is the units digit of b?
0
Let j be (-1)/(-4) - 30/(-8). Suppose -3*a = -14 - j. Suppose 10 = a*d - 4*d. What is the units digit of d?
5
Suppose -5*p = -4*p - 10. What is the units digit of (4/5)/(p/25)?
2
What is the hundreds digit of 208 + -2 + (1 - 7)?
2
Let l be (2 + 0)/(2/692). What is the tens digit of (-3)/5 + l/20?
3
Let n(g) = g + 3. Let s(m) = -m - 2. Let p(d) = 5*n(d) + 6*s(d). Let a(k) = -k + 4. Let r be a(7). What is the units digit of p(r)?
6
Let s = 7 + -5. Suppose -3*x = -4*b - 17, s*b - 26 - 4 = -4*x. What is the units digit of x?
7
Let x = 14 - 7. Let h(a) = a - 5. Let t(q) = -1. Let j(r) = h(r) - t(r). What is the units digit of j(x)?
3
Let q be (-1)/(34/16 - 2). Let c = 6 + -3. What is the units digit of ((q - c) + 3)*-1?
8
Let u = 2 - 0. Suppose u*a = 2*j - 8, 5*j - 4 = a + 12. What is the units digit of j?
3
Let t = 367 + -253. What is the hundreds digit of t?
1
Let i(k) = -k**3 + 7*k**2 - 10*k + 6. What is the tens digit of i(4)?
1
Let w be 3 + -2 + (-6 - -2). Let p = -8 - w. Let b = 7 + p. What is the units digit of b?
2
Let f = 392 - 198. What is the units digit of f?
4
Let i = -2 + 4. Suppose s - 3 - i = 0. Suppose -2*y + s*y = 6. What is the units digit of y?
2
Let d(i) = -i - 4. Let m be d(-8). Let k(y) = 3*y - 4. Let o be k(m). Suppose -4*x - 32 = -o*x. What is the units digit of x?
8
Let b(o) = -o**2 - 4*o + 3. Let h be b(-5). Let f(v) = -2*v**3 - v**2 + 1. What is the units digit of f(h)?
3
Let t(j) = -j**2 + 9*j + 10. Let f(h) = -h**2 - 6*h - 1. Let i be f(-3). What is the tens digit of t(i)?
1
Let p(b) = -b**3 + 6*b**2 - 5*b + 4. Let i be p(4). Suppose -5*z = -5, 2*f - 5*f + 2*z + i = 0. What is the units digit of f?
6
Suppose -2*x = -x - 2. Let i be 0 + (-2 + 4 - -2). Suppose -i*h + 6 = -x. What is the units digit of h?
2
Let b(a) = -210*a**3 - 3*a - 2. What is the hundreds digit of b(-1)?
2
Suppose -187 = -3*m + 161. What is the units digit of m?
6
Suppose -23 = -g + 11. Let z = g + -19. Let w = z + -4. What is the tens digit of w?
1
Let w be ((-2)/5)/(4/(-20)). Suppose 0*o + w*o - 8 = 0. What is the units digit of o?
4
Let q(o) = -o**2 + 8*o + 1. Let i be q(8). Let x(r) = 47*r**2 + r. What is the units digit of x(i)?
8
Suppose -4*a + 2254 = 534. What is the hundreds digit of a?
4
Suppose 4*n = -v + 134, -30 = 4*n - 2*v - 158. What is the tens digit of n?
3
Suppose 0 = 2*f + 3*f - 10. Suppose 9 = f*a + 1. Suppose a = -u, 4*v = 5*u + 34 - 2. What is the units digit of v?
3
Suppose 3*w = 321 + 150. What is the hundreds digit of w?
1
Let k be 29/4 + 1/(-4). Let z(c) = -3*c - 1. Let w be z(-2). Suppose 2*a - w = k. What is the units digit of a?
6
Let a be 10 + 1 + -2 - 3. What is the units digit of (-44)/(-6) + a/(-18)?
7
Let v be 216/(-15) + 6/15. Let g = v - -20. Suppose -66 = -4*z - g. What is the units digit of z?
5
Let z = 24 - 20. Suppose -54 = -z*f + f. What is the units digit of f?
8
Let l(z) be the second derivative of z**3/3 - 9*z**2/2 + z. Let j be l(6). Suppose j*c + 2 = 4*c. What is the units digit of c?
2
Let d be (0 + 9)*(3 + -4). Let v = 15 + d. What is the units digit of v?
6
Suppose -4*h - 6*z + 24 = -2*z, 5*z = 4*h - 60. Let s(l) = l**2 + l - 2. Let u be s(2). Let b = h - u. What is the units digit of b?
6
Let f be 0 + -3 - 1*-3. Suppose a - 4 = -f*a. What is the units digit of a?
4
Let w(v) = -v + 8. Let t be w(6). Suppose -t*q + 70 = 3*q. What is the tens digit of q?
1
Let r(o) = 4*o - 20. What is the tens digit of r(17)?
4
What is the units digit of 42/5*(111/6 - 1)?
7
Suppose -13 = -2*q - q + 5*b, 9 = 3*q - 3*b. Let f be (0/q)/(-2)*-1. Suppose 2*y - 9 - 21 = f. What is the units digit of y?
5
Let u = 3 + 4. What is the units digit of u?
7
Let u(h) be the first derivative of -h**2/2 + h - 2. Let s be u(8). Let a = s + 13. What is the units digit of a?
6
Let z(s) = -2*s**3 - 3*s**2. Let k be (3 - 1)*(0 - 1). What is the units digit of z(k)?
4
Suppose 3*l = 2*l + 36. Let o = -21 + l. What is the tens digit of 15*(3 - 33/o)?
1
Let z = -5 + 20. Suppose 36 = 4*c + 4*m, -5*m = 4*c - z - 22. What is the units digit of c?
8
What is the tens digit of (1 - 3)/(1/(-23))?
4
Suppose 3*m = 3 + 111. What is the units digit of m?
8
What is the hundreds digit of (-16)/(-8) + -129*(1 + -2)?
1
Suppose -3*s - 2*s = -3*j + 117, -4*s - 156 = -4*j. What is the units digit of j?
9
Suppose -5*g + 169 = -131. What is the units digit of g?
0
Suppose 4 = 2*f - f. Suppose -f*r = r. Suppose r = l - 0*l - 10. What is the tens digit of l?
1
Let t be (0 + -1)/(1/(-2)). Let g(v) = 11*v - 6 + 3 + t. What is the units digit of g(1)?
0
What is the tens digit of (-618)/(-18) + 4/6?
3
Suppose -4*v + 1016 = -4*l, 8*l - 7*l - 5 = 0. What is the units digit of v?
9
Suppose -4*c - 132 = -428. Suppose 2*k + 2*g = 3*k - 17, -5*k - g = -c. What is the tens digit of k?
1
Suppose 0*o - 4*l + 88 = 2*o, 5*l = -5. What is the tens digit of o?
4
Let w(i) = -2*i - 2. What is the units digit of w(-13)?
4
Let i = 48 - 9. What is the tens digit of i?
3
Suppose -3*b = 5*x, b + 2 = -b - 4*x. Suppose b*z = 2*p - 5, 2*p - z = -3*z + 26. What is the units digit of p?
0
Suppose 0 = -5*v, g = 2*g - 3*v - 8. What is the units digit of (6 - 1)*g/5?
